{"id":2995,"date":"2025-05-20T13:01:13","date_gmt":"2025-05-20T11:01:13","guid":{"rendered":"https:\/\/merick.de\/?page_id=2995"},"modified":"2025-06-23T21:17:57","modified_gmt":"2025-06-23T19:17:57","slug":"fluks","status":"publish","type":"page","link":"https:\/\/merick.de\/index.php\/fluks\/","title":{"rendered":"MERICK fluks Konnektor"},"content":{"rendered":"\n<p>Version 0.1.51<\/p>\n\n\n\n<p>Der MERICK fluks Konnektor erm\u00f6glicht es, Z\u00e4hlerst\u00e4nde von Objekten, die mit der MERICK Fernmeldetechnik ausgestattet sind, direkt in DOMUS zu einem beliebigen Stichtag abzurufen oder automatisch Benachrichtigungen zu beispielsweise einem Heizungsausfall oder Wassereinbruch zu empfangen. Dieser Konnektor kann in der Hausverwaltung viel Zeit einsparen!<br><\/p>\n\n\n\n<div style=\"height:25px\" aria-hidden=\"true\" class=\"wp-block-spacer\"><\/div>\n\n\n\n<h2 class=\"wp-block-heading\"><strong>Funktionsumfang:<\/strong><\/h2>\n\n\n\n<h3 class=\"wp-block-heading\"><strong>\u00dcbersicht der Trigger \/ Aktionen:<\/strong><\/h3>\n\n\n\n<p><strong>Trigger:<\/strong><\/p>\n\n\n\n<ul class=\"wp-block-list\">\n<li><strong>Objekt Event Benachrichtigung <\/strong>&#8211; Reagieren Sie sofort auf eine Benachrichtigung eines bestimmten Objekts, die dann direkt im System als Aktivit\u00e4t auftaucht.<\/li>\n<\/ul>\n\n\n\n<p><strong>Aktionen:<\/strong><\/p>\n\n\n\n<ul class=\"wp-block-list\">\n<li><strong>Z\u00e4hlerst\u00e4nde f\u00fcr ein Objekt<\/strong>&#8211; Einfach mit dieser Aktion alle Z\u00e4hlerst\u00e4nde aus einem Objekt zu jedem beliebigen Stichtag holen.<\/li>\n\n\n\n<li><strong>Z\u00e4hlerst\u00e4nde f\u00fcr einen Kreis<\/strong> &#8211; Mit dieser Aktion k\u00f6nnen alle Z\u00e4hlerst\u00e4nde der Objekte aus einem Kreis zu jedem beliebigen Stichtag geholt werden..<\/li>\n\n\n\n<li><strong>Z\u00e4hlerst\u00e4nde f\u00fcr einen Mandanten<\/strong> &#8211; Mit dieser Aktion k\u00f6nnen alle Z\u00e4hlerst\u00e4nde aus allen Objekten eines Mandanten zu jedem beliebigen Stichtag geholt werden.<\/li>\n<\/ul>\n\n\n\n<div style=\"height:25px\" aria-hidden=\"true\" class=\"wp-block-spacer\"><\/div>\n\n\n\n<h3 class=\"wp-block-heading\"><strong>DOMUS und MERICK<\/strong><\/h3>\n\n\n\n<p><strong>Diese Konnektor L\u00f6sung bietet:<\/strong><\/p>\n\n\n\n<ul class=\"wp-block-list\">\n<li>Z\u00e4hlerst\u00e4nde sind zu jedem beliebigen Tag abrufbar und k\u00f6nnen in DOMUS direkt weiterverarbeitet werden.<\/li>\n\n\n\n<li>Wichtige Meldungen kommen neben der normalen Benachrichtigung von MERICK \u00fcber Push\/SMS\/E-Mail auch gleich als ein Ticket in DOMUS und anderen Systemen an.<\/li>\n<\/ul>\n\n\n\n<p><strong>Vorteile:<\/strong><\/p>\n\n\n\n<ul class=\"wp-block-list\">\n<li>Kein mehrfaches Abschreiben der vom Hausmeister \u00fcbertragenen Z\u00e4hlerdaten.<\/li>\n\n\n\n<li>Schnelle Benachrichtigung bei Problemen direkt im DOMUS-System.<\/li>\n\n\n\n<li>Fertige fluks Workflow-Vorlagen.\u00a0<\/li>\n<\/ul>\n\n\n\n<p><strong>Einsatzszenarien<\/strong>:<\/p>\n\n\n\n<ul class=\"wp-block-list\">\n<li>DOMUS-Anwender, die bereits MERICK verwenden.<\/li>\n\n\n\n<li>DOMUS-Anwender, die eine digitale Erfassungsstrategie verfolgen, um m\u00f6glichst viele manuelle Prozesse der Hausverwaltung zu implementieren.<\/li>\n<\/ul>\n\n\n\n<div style=\"height:29px\" aria-hidden=\"true\" class=\"wp-block-spacer\"><\/div>\n\n\n\n<figure class=\"wp-block-image size-large\"><img loading=\"lazy\" decoding=\"async\" width=\"430\" height=\"1024\" src=\"https:\/\/merick.de\/wp-content\/uploads\/2025\/05\/workflow-430x1024.jpg\" alt=\"\" class=\"wp-image-2998\" srcset=\"https:\/\/merick.de\/wp-content\/uploads\/2025\/05\/workflow-430x1024.jpg 430w, https:\/\/merick.de\/wp-content\/uploads\/2025\/05\/workflow-126x300.jpg 126w, https:\/\/merick.de\/wp-content\/uploads\/2025\/05\/workflow-645x1536.jpg 645w, https:\/\/merick.de\/wp-content\/uploads\/2025\/05\/workflow.jpg 706w\" sizes=\"auto, (max-width: 430px) 100vw, 430px\" \/><\/figure>\n\n\n\n<h2 class=\"wp-block-heading\"><strong><strong>Technische Details:<\/strong>:<\/strong><\/h2>\n\n\n\n<ul class=\"wp-block-list\">\n<li>DOMUS Integration f\u00fcr Z\u00e4hlerst\u00e4nde<\/li>\n\n\n\n<li>Vordefinierte Workflows<\/li>\n\n\n\n<li>Vordefinierte Templates<\/li>\n\n\n\n<li>Flexible Anpassungsm\u00f6glichkeiten<\/li>\n<\/ul>\n\n\n\n<p><strong>Vorraussetzungen:<\/strong><\/p>\n\n\n\n<ul class=\"wp-block-list\">\n<li>MERICK Benutzer Account<\/li>\n\n\n\n<li>Installierte MERICK Fernausleseeinrichtungen<\/li>\n<\/ul>\n\n\n\n<p><strong>MERICK St\u00e4rken:<\/strong><\/p>\n\n\n\n<ul class=\"wp-block-list\">\n<li>MERICK bietet Fernausleseeinrichtungen f\u00fcr Bestandsz\u00e4hler<\/li>\n\n\n\n<li>Entwicklung und Support aus Deutschland<\/li>\n\n\n\n<li>Alle MERICK Ger\u00e4te sind \u201eMade in Germany\u201c<\/li>\n\n\n\n<li>Alle Daten werden in unserem Rechenzentrum in Hamburg gespeichert\u00a0<\/li>\n\n\n\n<li>Einfaches Mietsystem der Ausleseeinrichtungen<\/li>\n\n\n\n<li>Langj\u00e4hriges Know-how<\/li>\n<\/ul>\n\n\n\n<p><strong>Support und Beratung:<\/strong><\/p>\n\n\n\n<ul class=\"wp-block-list\">\n<li>Pers\u00f6nliche Beratung<\/li>\n\n\n\n<li>Regelm\u00e4\u00dfige Updates<\/li>\n<\/ul>\n\n\n\n<p>Weitere Informationen finden Sie auf unserer Webseite unter https:\/\/merick.de\/fluks oder k\u00f6nnen per E-Mail an hallo@merick.de abgefordert werden.<br><\/p>\n\n\n\n<div class=\"wp-block-buttons is-layout-flex wp-block-buttons-is-layout-flex\">\n<div class=\"wp-block-button\"><a class=\"wp-block-button__link wp-element-button\" href=\"https:\/\/merick.de\/index.php\/fluks-details\/\">Technische Details<\/a><\/div>\n<\/div>\n\n\n\n<p><\/p>\n","protected":false},"excerpt":{"rendered":"<p>Version 0.1.51 Der MERICK fluks Konnektor erm\u00f6glicht es, Z\u00e4hlerst\u00e4nde von Objekten, die mit der MERICK Fernmeldetechnik ausgestattet sind, direkt in DOMUS zu einem beliebigen Stichtag abzurufen oder automatisch Benachrichtigungen zu beispielsweise einem Heizungsausfall oder Wassereinbruch zu empfangen. Dieser Konnektor kann in der Hausverwaltung viel Zeit&#8230;<\/p>\n","protected":false},"author":1,"featured_media":0,"parent":0,"menu_order":0,"comment_status":"closed","ping_status":"closed","template":"","meta":{"footnotes":""},"class_list":["post-2995","page","type-page","status-publish","hentry"],"_links":{"self":[{"href":"https:\/\/merick.de\/index.php\/wp-json\/wp\/v2\/pages\/2995","targetHints":{"allow":["GET"]}}],"collection":[{"href":"https:\/\/merick.de\/index.php\/wp-json\/wp\/v2\/pages"}],"about":[{"href":"https:\/\/merick.de\/index.php\/wp-json\/wp\/v2\/types\/page"}],"author":[{"embeddable":true,"href":"https:\/\/merick.de\/index.php\/wp-json\/wp\/v2\/users\/1"}],"replies":[{"embeddable":true,"href":"https:\/\/merick.de\/index.php\/wp-json\/wp\/v2\/comments?post=2995"}],"version-history":[{"count":20,"href":"https:\/\/merick.de\/index.php\/wp-json\/wp\/v2\/pages\/2995\/revisions"}],"predecessor-version":[{"id":3040,"href":"https:\/\/merick.de\/index.php\/wp-json\/wp\/v2\/pages\/2995\/revisions\/3040"}],"wp:attachment":[{"href":"https:\/\/merick.de\/index.php\/wp-json\/wp\/v2\/media?parent=2995"}],"curies":[{"name":"wp","href":"https:\/\/api.w.org\/{rel}","templated":true}]}}